{"id":167,"date":"2025-11-20T20:28:04","date_gmt":"2025-11-20T20:28:04","guid":{"rendered":"https:\/\/new.asblpotentia.be\/?page_id=167"},"modified":"2025-11-21T13:06:59","modified_gmt":"2025-11-21T13:06:59","slug":"quoi","status":"publish","type":"page","link":"https:\/\/new.asblpotentia.be\/?page_id=167","title":{"rendered":"Quoi"},"content":{"rendered":"<style>.kb-row-layout-id167_818a05-0f > .kt-row-column-wrap{align-content:center;}:where(.kb-row-layout-id167_818a05-0f > .kt-row-column-wrap) > .wp-block-kadence-column{justify-content:center;}.kb-row-layout-id167_818a05-0f > .kt-row-column-wrap{column-gap:var(--global-kb-gap-md, 2rem);row-gap:var(--global-kb-gap-md, 2rem);max-width:var( --global-content-width, 1290px );padding-left:var(--global-content-edge-padding);padding-right:var(--global-content-edge-padding);grid-template-columns:repeat(2, minmax(0, 1fr));}.kb-row-layout-id167_818a05-0f > .kt-row-layout-overlay{opacity:0.30;}@media all and (max-width: 1024px){.kb-row-layout-id167_818a05-0f > .kt-row-column-wrap{padding-top:var(--global-kb-spacing-md, 2rem);grid-template-columns:minmax(0, calc(50% - ((var(--global-kb-gap-md, 2rem) * 1 )\/2)))minmax(0, calc(50% - ((var(--global-kb-gap-md, 2rem) * 1 )\/2)));}}@media all and (max-width: 767px){.kb-row-layout-wrap.wp-block-kadence-rowlayout.kb-row-layout-id167_818a05-0f{margin-top:0px;margin-bottom:0px;}.kb-row-layout-id167_818a05-0f > .kt-row-column-wrap{padding-top:var(--global-kb-spacing-xxs, 0.5rem);padding-right:var(--global-kb-spacing-xxs, 0.5rem);padding-bottom:var(--global-kb-spacing-xxs, 0.5rem);padding-left:var(--global-kb-spacing-xxs, 0.5rem);grid-template-columns:minmax(0, 1fr);}}<\/style><div class=\"kb-row-layout-wrap kb-row-layout-id167_818a05-0f alignfull wp-block-kadence-rowlayout\"><div class=\"kt-row-column-wrap kt-has-2-columns kt-row-layout-equal kt-tab-layout-inherit kt-mobile-layout-row kt-row-valign-middle kt-inner-column-height-full kb-theme-content-width\">\n<style>.kadence-column167_7c5c97-25 > .kt-inside-inner-col,.kadence-column167_7c5c97-25 > .kt-inside-inner-col:before{border-top-left-radius:0px;border-top-right-radius:0px;border-bottom-right-radius:0px;border-bottom-left-radius:0px;}.kadence-column167_7c5c97-25 > .kt-inside-inner-col{column-gap:var(--global-kb-gap-sm, 1rem);}.kadence-column167_7c5c97-25 > .kt-inside-inner-col{flex-direction:column;}.kadence-column167_7c5c97-25 > .kt-inside-inner-col > .aligncenter{width:100%;}.kadence-column167_7c5c97-25 > .kt-inside-inner-col:before{opacity:0.3;}.kadence-column167_7c5c97-25{position:relative;}@media all and (max-width: 1024px){.kadence-column167_7c5c97-25 > .kt-inside-inner-col{display:flex;flex-direction:column;justify-content:flex-start;}}@media all and (max-width: 1024px){.kt-row-column-wrap > .kadence-column167_7c5c97-25{align-self:flex-start;}}@media all and (max-width: 1024px){.kt-inner-column-height-full:not(.kt-has-1-columns) > .wp-block-kadence-column.kadence-column167_7c5c97-25{align-self:auto;}}@media all and (max-width: 1024px){.kt-inner-column-height-full:not(.kt-has-1-columns) > .wp-block-kadence-column.kadence-column167_7c5c97-25 > .kt-inside-inner-col{flex-direction:column;justify-content:flex-start;}}@media all and (max-width: 767px){.kt-row-column-wrap > .kadence-column167_7c5c97-25{align-self:flex-start;}.kt-inner-column-height-full:not(.kt-has-1-columns) > .wp-block-kadence-column.kadence-column167_7c5c97-25{align-self:auto;}.kt-inner-column-height-full:not(.kt-has-1-columns) > .wp-block-kadence-column.kadence-column167_7c5c97-25 > .kt-inside-inner-col{flex-direction:column;justify-content:flex-start;}.kadence-column167_7c5c97-25 > .kt-inside-inner-col{flex-direction:column;justify-content:flex-start;}}<\/style>\n<div class=\"wp-block-kadence-column kadence-column167_7c5c97-25\"><div class=\"kt-inside-inner-col\"><div class=\"wp-block-image\">\n<figure class=\"aligncenter size-full has-custom-border\"><img fetchpriority=\"high\" decoding=\"async\" width=\"756\" height=\"945\" src=\"https:\/\/new.asblpotentia.be\/wp-content\/uploads\/2025\/11\/quoi.jpg\" alt=\"\" class=\"wp-image-169\" style=\"border-radius:36px\" srcset=\"https:\/\/new.asblpotentia.be\/wp-content\/uploads\/2025\/11\/quoi.jpg 756w, https:\/\/new.asblpotentia.be\/wp-content\/uploads\/2025\/11\/quoi-240x300.jpg 240w\" sizes=\"(max-width: 756px) 100vw, 756px\" \/><\/figure>\n<\/div><\/div><\/div>\n\n\n<style>.kadence-column167_239ea8-bf > .kt-inside-inner-col{display:flex;}.kadence-column167_239ea8-bf > .kt-inside-inner-col{padding-top:var(--global-kb-spacing-md, 2rem);padding-right:var(--global-kb-spacing-md, 2rem);padding-bottom:var(--global-kb-spacing-md, 2rem);padding-left:var(--global-kb-spacing-md, 2rem);}.kadence-column167_239ea8-bf > .kt-inside-inner-col,.kadence-column167_239ea8-bf > .kt-inside-inner-col:before{border-top-left-radius:0px;border-top-right-radius:0px;border-bottom-right-radius:0px;border-bottom-left-radius:0px;}.kadence-column167_239ea8-bf > .kt-inside-inner-col{column-gap:var(--global-kb-gap-sm, 1rem);}.kadence-column167_239ea8-bf > .kt-inside-inner-col{flex-direction:column;justify-content:flex-start;}.kadence-column167_239ea8-bf > .kt-inside-inner-col > .aligncenter{width:100%;}.kt-row-column-wrap > .kadence-column167_239ea8-bf{align-self:flex-start;}.kt-inner-column-height-full:not(.kt-has-1-columns) > .wp-block-kadence-column.kadence-column167_239ea8-bf{align-self:auto;}.kt-inner-column-height-full:not(.kt-has-1-columns) > .wp-block-kadence-column.kadence-column167_239ea8-bf > .kt-inside-inner-col{flex-direction:column;justify-content:flex-start;}.kadence-column167_239ea8-bf > .kt-inside-inner-col:before{opacity:0.6;background-color:var(--global-palette9, #ffffff);}.kadence-column167_239ea8-bf{position:relative;}@media all and (max-width: 1024px){.kt-row-column-wrap > .kadence-column167_239ea8-bf{align-self:flex-start;}}@media all and (max-width: 1024px){.kt-inner-column-height-full:not(.kt-has-1-columns) > .wp-block-kadence-column.kadence-column167_239ea8-bf{align-self:auto;}}@media all and (max-width: 1024px){.kt-inner-column-height-full:not(.kt-has-1-columns) > .wp-block-kadence-column.kadence-column167_239ea8-bf > .kt-inside-inner-col{flex-direction:column;justify-content:flex-start;}}@media all and (max-width: 1024px){.kadence-column167_239ea8-bf > .kt-inside-inner-col{flex-direction:column;justify-content:flex-start;}}@media all and (max-width: 1024px){.kadence-column167_239ea8-bf, .kt-inside-inner-col > .kadence-column167_239ea8-bf:not(.specificity){margin-top:0px;}}@media all and (max-width: 767px){.kadence-column167_239ea8-bf > .kt-inside-inner-col{padding-top:var(--global-kb-spacing-xxs, 0.5rem);padding-right:var(--global-kb-spacing-xxs, 0.5rem);padding-bottom:var(--global-kb-spacing-xxs, 0.5rem);padding-left:var(--global-kb-spacing-xxs, 0.5rem);flex-direction:column;justify-content:flex-start;}.kt-row-column-wrap > .kadence-column167_239ea8-bf{align-self:flex-start;}.kt-inner-column-height-full:not(.kt-has-1-columns) > .wp-block-kadence-column.kadence-column167_239ea8-bf{align-self:auto;}.kt-inner-column-height-full:not(.kt-has-1-columns) > .wp-block-kadence-column.kadence-column167_239ea8-bf > .kt-inside-inner-col{flex-direction:column;justify-content:flex-start;}}<\/style>\n<div class=\"wp-block-kadence-column kadence-column167_239ea8-bf kb-section-has-overlay\"><div class=\"kt-inside-inner-col\"><style>.wp-block-kadence-iconlist.kt-svg-icon-list-items167_89a405-19:not(.this-stops-third-party-issues){margin-top:0px;margin-bottom:0px;}.wp-block-kadence-iconlist.kt-svg-icon-list-items167_89a405-19 ul.kt-svg-icon-list:not(.this-prevents-issues):not(.this-stops-third-party-issues):not(.tijsloc){margin-top:0px;margin-right:0px;margin-bottom:var(--global-kb-spacing-sm, 1.5rem);margin-left:0px;padding-top:0px;}.wp-block-kadence-iconlist.kt-svg-icon-list-items167_89a405-19 ul.kt-svg-icon-list{grid-row-gap:21px;}.wp-block-kadence-iconlist.kt-svg-icon-list-items167_89a405-19 .kb-svg-icon-wrap{font-size:21px;}.wp-block-kadence-iconlist.kt-svg-icon-list-items167_89a405-19 ul.kt-svg-icon-list .kt-svg-icon-list-item-wrap .kt-svg-icon-list-single{margin-right:14px;}.kt-svg-icon-list-items167_89a405-19 ul.kt-svg-icon-list .kt-svg-icon-list-item-wrap, .kt-svg-icon-list-items167_89a405-19 ul.kt-svg-icon-list .kt-svg-icon-list-item-wrap a{letter-spacing:0px;}.kt-svg-icon-list-items167_89a405-19 ul.kt-svg-icon-list .kt-svg-icon-list-level-0 .kt-svg-icon-list-single svg{font-size:20px;}<\/style>\n<div class=\"wp-block-kadence-iconlist kt-svg-icon-list-items kt-svg-icon-list-items167_89a405-19 kt-svg-icon-list-columns-1 alignnone kt-list-icon-aligntop\"><ul class=\"kt-svg-icon-list\"><style>.kt-svg-icon-list-item-167_208cd4-f8 .kt-svg-icon-list-text mark.kt-highlight{background-color:unset;font-style:normal;color:#f76a0c;-webkit-box-decoration-break:clone;box-decoration-break:clone;padding-top:0px;padding-right:0px;padding-bottom:0px;padding-left:0px;}<\/style>\n<li class=\"wp-block-kadence-listitem kt-svg-icon-list-item-wrap kt-svg-icon-list-item-167_208cd4-f8\"><span class=\"kb-svg-icon-wrap kb-svg-icon-fe_loader kt-svg-icon-list-single\"><svg viewBox=\"0 0 24 24\"  fill=\"none\" stroke=\"currentColor\" stroke-width=\"1.5\" stroke-linecap=\"round\" stroke-linejoin=\"round\" xmlns=\"http:\/\/www.w3.org\/2000\/svg\"  aria-hidden=\"true\"><line x1=\"12\" y1=\"2\" x2=\"12\" y2=\"6\"\/><line x1=\"12\" y1=\"18\" x2=\"12\" y2=\"22\"\/><line x1=\"4.93\" y1=\"4.93\" x2=\"7.76\" y2=\"7.76\"\/><line x1=\"16.24\" y1=\"16.24\" x2=\"19.07\" y2=\"19.07\"\/><line x1=\"2\" y1=\"12\" x2=\"6\" y2=\"12\"\/><line x1=\"18\" y1=\"12\" x2=\"22\" y2=\"12\"\/><line x1=\"4.93\" y1=\"19.07\" x2=\"7.76\" y2=\"16.24\"\/><line x1=\"16.24\" y1=\"7.76\" x2=\"19.07\" y2=\"4.93\"\/><\/svg><\/span><span class=\"kt-svg-icon-list-text\"><strong>de r\u00e9f\u00e9rence<\/strong> pour les jeunes en difficult\u00e9s ou en besoin d\u2019accrochage scolaire<\/span><\/li>\n\n\n<style>.kt-svg-icon-list-item-167_857bd5-34 .kt-svg-icon-list-text mark.kt-highlight{background-color:unset;font-style:normal;color:#f76a0c;-webkit-box-decoration-break:clone;box-decoration-break:clone;padding-top:0px;padding-right:0px;padding-bottom:0px;padding-left:0px;}<\/style>\n<li class=\"wp-block-kadence-listitem kt-svg-icon-list-item-wrap kt-svg-icon-list-item-167_857bd5-34\"><span class=\"kb-svg-icon-wrap kb-svg-icon-fe_loader kt-svg-icon-list-single\"><svg viewBox=\"0 0 24 24\"  fill=\"none\" stroke=\"currentColor\" stroke-width=\"1.5\" stroke-linecap=\"round\" stroke-linejoin=\"round\" xmlns=\"http:\/\/www.w3.org\/2000\/svg\"  aria-hidden=\"true\"><line x1=\"12\" y1=\"2\" x2=\"12\" y2=\"6\"\/><line x1=\"12\" y1=\"18\" x2=\"12\" y2=\"22\"\/><line x1=\"4.93\" y1=\"4.93\" x2=\"7.76\" y2=\"7.76\"\/><line x1=\"16.24\" y1=\"16.24\" x2=\"19.07\" y2=\"19.07\"\/><line x1=\"2\" y1=\"12\" x2=\"6\" y2=\"12\"\/><line x1=\"18\" y1=\"12\" x2=\"22\" y2=\"12\"\/><line x1=\"4.93\" y1=\"19.07\" x2=\"7.76\" y2=\"16.24\"\/><line x1=\"16.24\" y1=\"7.76\" x2=\"19.07\" y2=\"4.93\"\/><\/svg><\/span><span class=\"kt-svg-icon-list-text\">qui veille \u00e0 ce que chaque jeune puisse trouver les ressources n\u00e9cessaires \u00e0 prendre conscience de ses talents et de ses forces afin de retrouver la motivation<\/span><\/li>\n\n\n<style>.kt-svg-icon-list-item-167_bbad3e-f0 .kt-svg-icon-list-text mark.kt-highlight{background-color:unset;font-style:normal;color:#f76a0c;-webkit-box-decoration-break:clone;box-decoration-break:clone;padding-top:0px;padding-right:0px;padding-bottom:0px;padding-left:0px;}<\/style>\n<li class=\"wp-block-kadence-listitem kt-svg-icon-list-item-wrap kt-svg-icon-list-item-167_bbad3e-f0\"><span class=\"kb-svg-icon-wrap kb-svg-icon-fe_loader kt-svg-icon-list-single\"><svg viewBox=\"0 0 24 24\"  fill=\"none\" stroke=\"currentColor\" stroke-width=\"1.5\" stroke-linecap=\"round\" stroke-linejoin=\"round\" xmlns=\"http:\/\/www.w3.org\/2000\/svg\"  aria-hidden=\"true\"><line x1=\"12\" y1=\"2\" x2=\"12\" y2=\"6\"\/><line x1=\"12\" y1=\"18\" x2=\"12\" y2=\"22\"\/><line x1=\"4.93\" y1=\"4.93\" x2=\"7.76\" y2=\"7.76\"\/><line x1=\"16.24\" y1=\"16.24\" x2=\"19.07\" y2=\"19.07\"\/><line x1=\"2\" y1=\"12\" x2=\"6\" y2=\"12\"\/><line x1=\"18\" y1=\"12\" x2=\"22\" y2=\"12\"\/><line x1=\"4.93\" y1=\"19.07\" x2=\"7.76\" y2=\"16.24\"\/><line x1=\"16.24\" y1=\"7.76\" x2=\"19.07\" y2=\"4.93\"\/><\/svg><\/span><span class=\"kt-svg-icon-list-text\">qui offre un cadre structur\u00e9 et bienveillant au jeune en lui transmettant les valeurs de respect, d\u2019\u00e9coute et de partage avec lui-m\u00eame, les autres jeunes et les intervenants<\/span><\/li>\n\n\n<style>.kt-svg-icon-list-item-167_013f3f-77 .kt-svg-icon-list-text mark.kt-highlight{background-color:unset;font-style:normal;color:#f76a0c;-webkit-box-decoration-break:clone;box-decoration-break:clone;padding-top:0px;padding-right:0px;padding-bottom:0px;padding-left:0px;}<\/style>\n<li class=\"wp-block-kadence-listitem kt-svg-icon-list-item-wrap kt-svg-icon-list-item-167_013f3f-77\"><span class=\"kb-svg-icon-wrap kb-svg-icon-fe_loader kt-svg-icon-list-single\"><svg viewBox=\"0 0 24 24\"  fill=\"none\" stroke=\"currentColor\" stroke-width=\"1.5\" stroke-linecap=\"round\" stroke-linejoin=\"round\" xmlns=\"http:\/\/www.w3.org\/2000\/svg\"  aria-hidden=\"true\"><line x1=\"12\" y1=\"2\" x2=\"12\" y2=\"6\"\/><line x1=\"12\" y1=\"18\" x2=\"12\" y2=\"22\"\/><line x1=\"4.93\" y1=\"4.93\" x2=\"7.76\" y2=\"7.76\"\/><line x1=\"16.24\" y1=\"16.24\" x2=\"19.07\" y2=\"19.07\"\/><line x1=\"2\" y1=\"12\" x2=\"6\" y2=\"12\"\/><line x1=\"18\" y1=\"12\" x2=\"22\" y2=\"12\"\/><line x1=\"4.93\" y1=\"19.07\" x2=\"7.76\" y2=\"16.24\"\/><line x1=\"16.24\" y1=\"7.76\" x2=\"19.07\" y2=\"4.93\"\/><\/svg><\/span><span class=\"kt-svg-icon-list-text\">qui organise des ateliers visant la socialisation, la d\u00e9couverte de soi et l\u2019\u00e9panouissement personnel de chaque jeune<\/span><\/li>\n\n\n<style>.kt-svg-icon-list-item-167_d5d490-1d .kt-svg-icon-list-text mark.kt-highlight{background-color:unset;font-style:normal;color:#f76a0c;-webkit-box-decoration-break:clone;box-decoration-break:clone;padding-top:0px;padding-right:0px;padding-bottom:0px;padding-left:0px;}<\/style>\n<li class=\"wp-block-kadence-listitem kt-svg-icon-list-item-wrap kt-svg-icon-list-item-167_d5d490-1d\"><span class=\"kb-svg-icon-wrap kb-svg-icon-fe_loader kt-svg-icon-list-single\"><svg viewBox=\"0 0 24 24\"  fill=\"none\" stroke=\"currentColor\" stroke-width=\"1.5\" stroke-linecap=\"round\" stroke-linejoin=\"round\" xmlns=\"http:\/\/www.w3.org\/2000\/svg\"  aria-hidden=\"true\"><line x1=\"12\" y1=\"2\" x2=\"12\" y2=\"6\"\/><line x1=\"12\" y1=\"18\" x2=\"12\" y2=\"22\"\/><line x1=\"4.93\" y1=\"4.93\" x2=\"7.76\" y2=\"7.76\"\/><line x1=\"16.24\" y1=\"16.24\" x2=\"19.07\" y2=\"19.07\"\/><line x1=\"2\" y1=\"12\" x2=\"6\" y2=\"12\"\/><line x1=\"18\" y1=\"12\" x2=\"22\" y2=\"12\"\/><line x1=\"4.93\" y1=\"19.07\" x2=\"7.76\" y2=\"16.24\"\/><line x1=\"16.24\" y1=\"7.76\" x2=\"19.07\" y2=\"4.93\"\/><\/svg><\/span><span class=\"kt-svg-icon-list-text\">qui cr\u00e9e des liens entre les divers partenaires qui gravitent autour du jeune et le centre afin de r\u00e9pondre \u00e0 une demande r\u00e9elle de prise en charge qui veille au mieux-\u00eatre des jeunes en qu\u00eate de sens et de confiance<\/span><\/li>\n\n\n<style>.kt-svg-icon-list-item-167_4706b9-78 .kt-svg-icon-list-text mark.kt-highlight{background-color:unset;font-style:normal;color:#f76a0c;-webkit-box-decoration-break:clone;box-decoration-break:clone;padding-top:0px;padding-right:0px;padding-bottom:0px;padding-left:0px;}<\/style>\n<li class=\"wp-block-kadence-listitem kt-svg-icon-list-item-wrap kt-svg-icon-list-item-167_4706b9-78\"><span class=\"kb-svg-icon-wrap kb-svg-icon-fe_loader kt-svg-icon-list-single\"><svg viewBox=\"0 0 24 24\"  fill=\"none\" stroke=\"currentColor\" stroke-width=\"1.5\" stroke-linecap=\"round\" stroke-linejoin=\"round\" xmlns=\"http:\/\/www.w3.org\/2000\/svg\"  aria-hidden=\"true\"><line x1=\"12\" y1=\"2\" x2=\"12\" y2=\"6\"\/><line x1=\"12\" y1=\"18\" x2=\"12\" y2=\"22\"\/><line x1=\"4.93\" y1=\"4.93\" x2=\"7.76\" y2=\"7.76\"\/><line x1=\"16.24\" y1=\"16.24\" x2=\"19.07\" y2=\"19.07\"\/><line x1=\"2\" y1=\"12\" x2=\"6\" y2=\"12\"\/><line x1=\"18\" y1=\"12\" x2=\"22\" y2=\"12\"\/><line x1=\"4.93\" y1=\"19.07\" x2=\"7.76\" y2=\"16.24\"\/><line x1=\"16.24\" y1=\"7.76\" x2=\"19.07\" y2=\"4.93\"\/><\/svg><\/span><span class=\"kt-svg-icon-list-text\">pour prendre le temps de se poser et d\u2019aller \u00e0 la rencontre de soi afin de pouvoir rebondir et aller de l\u2019avant<\/span><\/li>\n\n\n<style>.kt-svg-icon-list-item-167_3f9cb0-b0 .kt-svg-icon-list-text mark.kt-highlight{background-color:unset;font-style:normal;color:#f76a0c;-webkit-box-decoration-break:clone;box-decoration-break:clone;padding-top:0px;padding-right:0px;padding-bottom:0px;padding-left:0px;}<\/style>\n<li class=\"wp-block-kadence-listitem kt-svg-icon-list-item-wrap kt-svg-icon-list-item-167_3f9cb0-b0\"><span class=\"kb-svg-icon-wrap kb-svg-icon-fe_loader kt-svg-icon-list-single\"><svg viewBox=\"0 0 24 24\"  fill=\"none\" stroke=\"currentColor\" stroke-width=\"1.5\" stroke-linecap=\"round\" stroke-linejoin=\"round\" xmlns=\"http:\/\/www.w3.org\/2000\/svg\"  aria-hidden=\"true\"><line x1=\"12\" y1=\"2\" x2=\"12\" y2=\"6\"\/><line x1=\"12\" y1=\"18\" x2=\"12\" y2=\"22\"\/><line x1=\"4.93\" y1=\"4.93\" x2=\"7.76\" y2=\"7.76\"\/><line x1=\"16.24\" y1=\"16.24\" x2=\"19.07\" y2=\"19.07\"\/><line x1=\"2\" y1=\"12\" x2=\"6\" y2=\"12\"\/><line x1=\"18\" y1=\"12\" x2=\"22\" y2=\"12\"\/><line x1=\"4.93\" y1=\"19.07\" x2=\"7.76\" y2=\"16.24\"\/><line x1=\"16.24\" y1=\"7.76\" x2=\"19.07\" y2=\"4.93\"\/><\/svg><\/span><span class=\"kt-svg-icon-list-text\">qui inclut la famille dans le processus d\u2019\u00e9volution du jeune au sein du centre<\/span><\/li>\n<\/ul><\/div>\n<\/div><\/div>\n\n<\/div><\/div>\n\n\n<p><\/p>\n","protected":false},"excerpt":{"rendered":"","protected":false},"author":1,"featured_media":0,"parent":0,"menu_order":0,"comment_status":"closed","ping_status":"closed","template":"","meta":{"_themeisle_gutenberg_block_has_review":false,"_kad_post_transparent":"","_kad_post_title":"","_kad_post_layout":"","_kad_post_sidebar_id":"","_kad_post_content_style":"","_kad_post_vertical_padding":"","_kad_post_feature":"","_kad_post_feature_position":"","_kad_post_header":false,"_kad_post_footer":false,"_kad_post_classname":"","footnotes":""},"class_list":["post-167","page","type-page","status-publish","hentry"],"_links":{"self":[{"href":"https:\/\/new.asblpotentia.be\/index.php?rest_route=\/wp\/v2\/pages\/167","targetHints":{"allow":["GET"]}}],"collection":[{"href":"https:\/\/new.asblpotentia.be\/index.php?rest_route=\/wp\/v2\/pages"}],"about":[{"href":"https:\/\/new.asblpotentia.be\/index.php?rest_route=\/wp\/v2\/types\/page"}],"author":[{"embeddable":true,"href":"https:\/\/new.asblpotentia.be\/index.php?rest_route=\/wp\/v2\/users\/1"}],"replies":[{"embeddable":true,"href":"https:\/\/new.asblpotentia.be\/index.php?rest_route=%2Fwp%2Fv2%2Fcomments&post=167"}],"version-history":[{"count":5,"href":"https:\/\/new.asblpotentia.be\/index.php?rest_route=\/wp\/v2\/pages\/167\/revisions"}],"predecessor-version":[{"id":271,"href":"https:\/\/new.asblpotentia.be\/index.php?rest_route=\/wp\/v2\/pages\/167\/revisions\/271"}],"wp:attachment":[{"href":"https:\/\/new.asblpotentia.be\/index.php?rest_route=%2Fwp%2Fv2%2Fmedia&parent=167"}],"curies":[{"name":"wp","href":"https:\/\/api.w.org\/{rel}","templated":true}]}}